n divisor of g and 9.
9
Suppose 0 = -p + 3*p - 36. Let x = p + -10. Suppose -7*g = -10*g + 216. What is the greatest common divisor of x and g?
8
Let u(d) = d**3 - 7*d**2 + 8. Let r be u(7). Calculate the highest common divisor of 4 and r.
4
Suppose 0*t - 5*t = -35. What is the greatest common factor of 7 and t?
7
Let r = 24 - 18. What is the highest common factor of 66 and r?
6
Suppose 0 = -9*d + 201 + 1095. Calculate the highest common factor of 16 and d.
16
Let k = 28 - -4. Calculate the greatest common divisor of 64 and k.
32
Let x = 16 + 56. Calculate the highest common factor of 18 and x.
18
Suppose -9*q - 8 = -7*q. Let f be 118/6 + q/6. Suppose -2*k - 5*z = -35, -k - 5*z + 2*z = -f. What is the greatest common divisor of k and 90?
10
Let n be (-5)/(-15) + 34/6. Suppose -2*g - n + 24 = 0. Calculate the highest common divisor of 9 and g.
9
Let r(n) = -39*n**3 - 3*n**2 - n - 2. Suppose 5 - 13 = 4*m. Let t be r(m). Let j = -195 + t. What is the highest common divisor of 15 and j?
15
Let a(i) = 7*i**2 - 2*i - 2. Let q be a(-2). What is the greatest common factor of 105 and q?
15
Let q be (-76)/(((-2)/1)/4). Calculate the greatest common divisor of 19 and q.
19
Let b(s) = -s**3 + 23*s**2 - 22*s + 27. Let n be b(22). Calculate the greatest common divisor of n and 45.
9
Let k = 53 + -26. What is the highest common factor of 3 and k?
3
Let l(q) = 7*q - 3. Let w be l(3). Let t = -32 - -38. Calculate the highest common factor of w and t.
6
Let g = -22 + 58. What is the highest common factor of g and 12?
12
Let k(m) = -6*m - 2. Let g be k(-3). Suppose -d + 4*d - 144 = 0. What is the greatest common divisor of g and d?
16
Suppose -2*s + n - 8 = -172, 4*s = 4*n + 320. What is the greatest common factor of s and 12?
12
Let g(x) = x**2 - 3*x - 2. Let o = -3 + 8. Let w be g(o). Calculate the greatest common factor of w and 16.
8
Let g be (-3)/(-2 + (-218)/(-112)). Suppose 0 = 2*f - 5*p - 13, 2*p = -f + 6*p + 2. What is the highest common factor of f and g?
14
Let w be -3 - 0 - (-171)/3. What is the greatest common divisor of w and 36?
18
Suppose 2*t = 3*g + 24, -g - 4*t = -0*g + 8. Let m(o) = o + 17. Let h be m(g). Calculate the greatest common factor of 45 and h.
9
Let l(z) = -11*z - 1. Let w(p) = 2*p - 7. Let t be w(5). Let r = -4 + t. Let o be l(r). Calculate the highest common factor of o and 15.
5
Suppose 4*o = -3*x + 116, 0*o + 4*o - 80 = -2*x. Let f(b) = b**2 - 15*b + 20. Let z be f(14). Calculate the highest common factor of z and x.
6
Let p be 3/2 + (-2)/(-4). Let a be (2 - 3) + 1 + -2. Let j be -3*8/6*a. Calculate the highest common factor of j and p.
2
Let o(i) = i**3 - 6*i**2 + 3*i + 6. Let f be o(5). Let d be (14/(-10))/(f/20). Let l = d + 0. What is the greatest common factor of 14 and l?
7
Suppose -2*p + 4*m = -6, -9 = 6*p - p + 2*m. Let o = p + 9. Calculate the highest common factor of o and 20.
4
Let v be (-4)/2 - 16*-5. Let w(q) = -2*q - 23. Let p be w(-18). What is the highest common divisor of p and v?
13
Suppose 2*a + 6 + 6 = 0. Let v be (-57)/a*(1 - -1). Calculate the highest common factor of v and 95.
19
Let b = -8 - -21. Suppose 15*j - 65 = 14*j. What is the highest common divisor of j and b?
13
Suppose 5*k - 4*k = 18. Calculate the greatest common factor of k and 162.
18
Suppose 4*k = 4*d - 4, 3*d + 7 = -k + d. Let u be 10/8*(17 - k). Calculate the greatest common divisor of u and 175.
25
Suppose -8 = -4*s, -4*m - 3*s = -2*m - 70. What is the greatest common divisor of 96 and m?
32
Let k = 68 - 34. Let g = 8 + 9. Calculate the greatest common divisor of k and g.
17
Let h(d) = d**3 - 3*d**2 - d - 8. Let i be h(4). Calculate the highest common factor of 32 and i.
4
Let x = -6 + 14. Suppose 4*y - 7 + 71 = 5*m, -5*y + 36 = m. What is the greatest common factor of m and x?
8
Suppose 0 = -y + 3, 2*z - 43 - 1 = 2*y. Suppose 24 = 4*l - h, 4*l - 11 = -2*h + z. Let r = -6 + 13. What is the greatest common divisor of l and r?
7
Suppose -2*q + 3 = -3. Suppose 4*c + 18 = -5*l, q*l - 4*l = 2*c + 6. Let h be (3/9)/(c/(-78)). Calculate the greatest common factor of h and 91.
13
Let q = -9 + 16. Let x be (-1646)/22 + 20/(-110). Let s = 138 + x. What is the highest common factor of q and s?
7
Let s(l) = 6*l - 6. Let h be s(11). What is the highest common divisor of 24 and h?
12
Suppose 56 = 4*r - 5*j + 3*j, 3*r + j = 52. Suppose -1056 + 352 = -4*k. What is the greatest common divisor of r and k?
16
Let y = -37 - -69. Let f = 193 + -113. Calculate the greatest common factor of f and y.
16
Let o be (-3)/7 - (1080/(-28))/6. What is the greatest common divisor of 4 and o?
2
Suppose -5*f + 0*y + y = -319, 0 = 5*f - 4*y - 331. Calculate the greatest common factor of 18 and f.
9
Let d = -7 + 9. Suppose -12 = -b - m, b - 29 = -d*b + 4*m. Calculate the highest common divisor of 11 and b.
11
Let p be ((-15)/(-3) + -2)*18. Let w(f) = 3*f + 5. Let a be w(7). Suppose 5*t = -3*n + 7 + a, -t - 27 = -5*n. What is the highest common factor of p and n?
6
Let a be 0 + (2/1)/2. Let h(x) = 0*x + x + 34 - 26. Let o be h(-7). What is the greatest common divisor of o and a?
1
Let g(d) be the first derivative of d**2/2 - d - 3. Let f be g(-5). Let w = 111 - f. What is the highest common factor of 13 and w?
13
Let k(u) = 7*u + 4 + 12*u - u. Let i be k(2). What is the highest common divisor of 10 and i?
10
Suppose -4 - 8 = -6*s. Let z = -18 - -40. Calculate the greatest common factor of s and z.
2
Let c(z) = 30*z - 3. Let y(s) = 15*s - 1. Let w(t) = -2*c(t) + 5*y(t). Let h be w(1). What is the highest common divisor of h and 80?
16
Let m(w) be the first derivative of 1/3*w**3 - 1 + 2*w**2 + w. Let k be m(-5). What is the highest common divisor of k and 66?
6
Suppose 55 = -7*s + 475. Calculate the greatest common divisor of s and 15.
15
Suppose -11 - 1 = -4*y. Suppose 0 = 3*o + y*p - 81, 18 + 73 = 3*o + 5*p. Let i = -2 + 13. What is the greatest common factor of i and o?
11
Suppose -4*a + 2*a = 3*l - 92, -2*l - 4*a = -56. Let p(f) = 2*f**2 + 8. Let i be p(6). What is the greatest common factor of i and l?
16
Let i(g) = g**2 - 5*g + 34. Let r be i(-17). Calculate the greatest common divisor of r and 51.
51
Suppose r + 1 - 3 = 0. Suppose r*u - 161 = -3*k, -5*u - 2*k + 431 = -4*k. Calculate the greatest common divisor of u and 17.
17
Let k = -76 - -111. Calculate the highest common factor of k and 14.
7
Suppose 3*p + 2*s = 125, 4*p - 161 = -3*s + 7. Calculate the greatest common factor of 26 and p.
13
Suppose -4*l = -4*s - 172, s - 4*s + 158 = 4*l. What is the highest common factor of 451 and l?
41
Let n = 11 + -5. Calculate the greatest common divisor of 2 and n.
2
Let k(u) = u**3 + 4*u**2 - 3*u + 7. Let l be k(-7). Let j = -85 - l. What is the greatest common factor of j and 51?
17
Suppose -2*k + 1 + 5 = 0. Let l(s) = 2*s + 23. Let f be l(-7). What is the greatest common factor of f and k?
3
Let w be 40/3 + (-4)/(-6). What is the greatest common divisor of w and 154?
14
Suppose 3*h - h - 308 = 0. Let i be 2*h/(1 - -1). Suppose 10*f + 83 = 303. What is the highest common divisor of f and i?
22
Let c = 8 + -4. What is the highest common divisor of c and 12?
4
Suppose -3*f + 401 = -5*v, 0*f - 268 = -2*f + 4*v. Suppose 0*h = h - f. Calculate the highest common factor of 12 and h.
12
Let h be 29 - 7/(-35)*0. Suppose -u = -2*u + 319. Calculate the highest common factor of u and h.
29
Suppose 0 = i + i - 40. Suppose n = -5*u + 32, -4*u - 8 = 2*n - 4*n. Let m = 42 - n. What is the highest common divisor of m and i?
10
Suppose 2*o + 0*o = 0. Let s be (-1)/(-1 + o - 0). What is the greatest common divisor of 2 and s?
1
Let a = 21 + -4. Let x be (-2)/(-7) - (-7842)/42. Calculate the highest common divisor of a and x.
17
Let z be 2 + -4 + 1 + 2. Suppose z = 5*w + 4*i - 58, w + 2*i - 7 = 0. What is the highest common factor of w and 120?
15
Let x(n) = -270*n. Let p be x(-2). Suppose -3*m + p = -0*m. Suppose 39 = 4*d - 41. Calculate the highest common divisor of m and d.
20
Suppose -5*f = -8*f + 48. What is the greatest common divisor of 64 and f?
16
Suppose 25 = a + o - 6*o, 0 = -2*a - 5*o + 20. What is the greatest common factor of a and 135?
15
Let j be 73/4 - (-14)/(-56). Calculate the greatest common divisor of j and 36.
18
Let n be 224/16 + (-2)/(-1). Let p be (-8)/(-2) + 2/(-2